osite number?
True
Is 385103 composite?
True
Is 48403 a composite number?
True
Is 32527 a prime number?
False
Is 75889 composite?
True
Is 372751 composite?
False
Is 424321 composite?
True
Is 238619 prime?
False
Is 82581 prime?
False
Is 3017 a prime number?
False
Is 43247 prime?
False
Is 120983 a composite number?
True
Is 71351 prime?
False
Is 15349 composite?
False
Is 86069 prime?
True
Is 82337 prime?
False
Is 892013 prime?
False
Is 1191959 a prime number?
False
Is 361763 a prime number?
True
Is 26947 a prime number?
True
Is 65981 a composite number?
False
Is 459185 a prime number?
False
Is 16715 prime?
False
Is 2423 a prime number?
True
Is 757151 a prime number?
True
Is 132589 composite?
False
Is 100883 prime?
False
Is 59207 composite?
False
Is 3977 composite?
True
Is 266801 prime?
True
Is 20477 a prime number?
True
Is 245821 a composite number?
False
Is 18947 prime?
True
Is 41137 a composite number?
True
Is 62683 a prime number?
True
Is 3848131 a prime number?
False
Is 126835 a composite number?
True
Is 120857 prime?
False
Is 116257 composite?
False
Is 1151 a composite number?
False
Is 1537 composite?
True
Is 849947 a composite number?
True
Is 11981 a prime number?
True
Is 418687 composite?
True
Is 511181 a composite number?
True
Is 10901 prime?
False
Is 11335 prime?
False
Is 37514 a composite number?
True
Is 123434 prime?
False
Is 101191 composite?
True
Is 91382 a prime number?
False
Is 486281 a prime number?
True
Is 45347 a composite number?
True
Is 199 a prime number?
True
Is 7151 a prime number?
True
Is 871645 a composite number?
True
Is 4909 prime?
True
Is 753751 composite?
False
Is 28697 a prime number?
True
Is 37 prime?
True
Is 953 a prime number?
True
Is 9985 prime?
False
Is 4751 a prime number?
True
Is 3154799 prime?
True
Is 1459889 prime?
False
Is 281117 a prime number?
True
Is 26293 composite?
False
Is 218819 a prime number?
True
Is 12829 a composite number?
False
Is 662917 prime?
True
Is 380729 a prime number?
True
Is 5509 a prime number?
False
Is 4796461 a composite number?
False
Is 106631 prime?
False
Is 111029 prime?
True
Is 288283 prime?
True
Is 33679 composite?
False
Is 14401 a prime number?
True
Is 46219 composite?
False
Is 160927 a prime number?
False
Is 19 prime?
True
Is 21779 composite?
True
Is 174557 a composite number?
True
Is 62455 composite?
True
Is 16181 a composite number?
True
Is 529381 a prime number?
True
Is 2907455 a prime number?
False
Is 615997 composite?
False
Is 7166 a composite number?
True
Is 299797 prime?
False
Is 28277 a prime number?
True
Is 1093682 a composite number?
True
Is 45161 prime?
True
Is 122063 a prime number?
False
Is 1103029 a composite number?
False
Is 2910103 prime?
False
Is 557 prime?
True
Is 23965 a prime number?
False
Is 48005 prime?
False
Is 203761 a composite number?
False
Is 2579 prime?
True
Is 5099 prime?
True
Is 5021 a prime number?
True
Is 314693 a prime number?
True
Is 27229 composite?
True
Is 247937 composite?
True
Is 8741 prime?
True
Is 49661 composite?
True
Is 646823 prime?
True
Is 74461 a composite number?
True
Is 997 composite?
False
Is 48731 composite?
False
Is 487 prime?
True
Is 1273 composite?
True
Is 198031 a prime number?
True
Is 15259 a prime number?
True
Is 117679 a composite number?
False
Is 416797 a composite number?
False
Is 14786 composite?
True
Is 80841 prime?
False
Is 30035 a composite number?
True
Is 10533 a composite number?
True
Is 246263 a composite number?
True
Is 5879 a prime number?
True
Is 12809 a composite number?
False
Is 10882 a prime number?
False
Is 1721 prime?
True
Is 187003 a composite number?
False
Is 287 composite?
True
Is 237319 prime?
True
Is 536806 a composite number?
True
Is 850387 prime?
True
Is 4303 prime?
False
Is 15551 a prime number?
True
Is 494873 composite?
False
Is 8885 composite?
True
Is 19181 prime?
True
Is 1811 a composite number?
False
Is 19547 prime?
False
Is 907 a composite number?
False
Is 924523 composite?
False
Is 8069 composite?
False
Is 769 prime?
True
Is 14077 composite?
True
Is 739421 a prime number?
False
Is 2231 a prime number?
False
Is 152249 composite?
False
Is 18527 prime?
False
Is 242911 prime?
True
Is 1131778 prime?
False
Is 1117 a composite number?
False
Is 529645 prime?
False
Is 12599 a prime number?
False
Is 26534 prime?
False
Is 25957 composite?
True
Is 122233 a prime number?
False
Is 368831 a prime number?
False
Is 42923 a composite number?
False
Is 49187 a composite number?
True
Is 347767 a composite number?
True
Is 35671 composite?
False
Is 335991 prime?
False
Is 1201 composite?
False
Is 3763 a composite number?
True
Is 417071 prime?
False
Is 60871 prime?
False
Is 1522201 a prime number?
True
Is 108343 prime?
True
Is 261565 prime?
False
Is 376729 composite?
False
Is 4927 a composite number?
True
Is 63949 a prime number?
True
Is 2183 a composite number?
True
Is 7151 composite?
False
Is 4183 composite?
True
Is 85474 a prime number?
False
Is 2929 composite?
True
Is 89771 composite?
True
Is 4721 prime?
True
Is 9229 a prime number?
False
Is 41371 prime?
False
Is 10561 composite?
True
Is 243103 a composite number?
True
Is 3837263 a composite number?
False
Is 78077 a composite number?
True
Is 203531 composite?
False
Is 42589 composite?
False
Is 42649 composite?
False
Is 3155 prime?
False
Is 54857 composite?
True
Is 364237 a prime number?
False
Is 157081 prime?
True
Is 23461 composite?
True
Is 22613 a prime number?
True
Is 6274 composite?
True
Is 21241 a prime number?
False
Is 17519 a prime number?
True
Is 25063 a prime number?
False
Is 729602 prime?
False
Is 966785 composite?
True
Is 777963 a prime number?
False
Is 22262 a prime number?
False
Is 21401 prime?
True
Is 19841 a composite number?
False
Is 11027 prime?
True
Is 839 composite?
False
Is 526861 composite?
True
Is 7235 prime?
False
Is 8153 composite?
True
Is 12319 a composite number?
True
Is 1487515 prime?
False
Is 10973 composite?
False
Is 7355 a prime number?
False
Is 39981 prime?
False
Is 84343 a prime number?
False
Is 69653 prime?
True
Is 562259 a prime number?
True
Is 76803 composite?
True
Is 5809 a prime number?
False
Is 12797 prime?
False
Is 2845 a composite number?
True
Is 69295 prime?
False
Is 1576517 a prime number?
True
Is 5483 a prime number?
True
Is 2618869 composite?
True
Is 11834215 a composite number?
True
Is 280031 composite?
False
Is 134641 a prime number?
False
Is 14853 a composite number?
True
Is 17198 composite?
True
Is 2533 a composite number?
True
Is 347 composite?
False
Is 175169 composite?
True
Is 1103651 prime?
False
Is 2237 a prime number?
True
Is 181691 a prime number?
False
Is 234583 prime?
False
Is 417617 a prime number?
True
Is 4098677 prime?
False
Is 14009 a composite number?
False
Is 6839 a prime number?
False
Is 9649 a composite number?
False
Is 50709 a composite number?
True
Is 2821957 prime?
True
Is 110809 a prime number?
False
Is 84649 a composite number?
False
Is 16733 prime?
False
Is 37397 a prime number?
True
Is 11333 composite?
True
Is 2047 a composite number?
True
Is 65 composite?
True
Is 7121 composite?
False
Is 622789 composite?
True
Is 17231 a prime number?
True
Is 413911 a prime number?
True
Is 297809 composite?
False
Is 6331 composite?
True
Is 52343 prime?
False
Is 21039 composite?
True
Is 454117 a prime number?
False
Is 366071 a composite number?
True
Is 46199 a composite number?
False
Is 52661 composite?
True
Is 3389 prime?
True
Is 773543 a composite number?
True
Is 709 composite?
False
Is 36349 a composite number?
True
Is 2221 composite?
False
Is 98741 a composite number?
True
Is 285185 composite?
True
Is 83081 composite?
True
Is 99565 prime?
False
Is 23755 a composite number?
True
Is 710929 a prime number?
True
Is 36481 composite?
True
Is 179161 a composite number?
False
Is 11751 a prime number?
False
Is 526027 prime?
True
Is 133853 a composite number?
False
Is 3203 prime?
True
Is 1292023 prime?
True
Is 22247 composite?
False
Is 17147 a prime number?
False
Is 7607 composite?
False
Is 9481 prime?
False
Is 36731 a composite number?
True
Is 30551 prime?
False
Is 4322 prime?
False
Is 18623 composite?
True
Is 11599 prime?
False
Is 131 a composite number?
False
Is 9091 prime?
True
Is 94589 prime?
False
Is 2693513 composite?
True
Is 25793 composite?
False
Is 187 prime?
False
Is 25167 a composite number?
True
